 remainder when h is divided by a.
10
Let x be ((12/(-10))/(-3))/(5/1075). Let t = 85 - x. Calculate the remainder when 73 is divided by -1 + (3/t - -23).
16
Calculate the remainder when 2142 is divided by (-25 + 24)/((-1)/13).
10
Let i(o) = 103*o + 20. Let u be i(2). Suppose u = 3*z + 10. Let l = -94 + 113. Calculate the remainder when z is divided by l.
15
Let v = -369 - -369. Suppose 37*n - 29*n - 544 = v. What is the remainder when n is divided by 14?
12
Let h be 10/(-25) + 68/20. What is the remainder when 54*(33/9 + (h - 6)) is divided by 13?
10
Let u(h) be the third derivative of 0 + 0*h**3 - 1/12*h**5 + 0*h + 1/120*h**6 - 5/12*h**4 - 18*h**2. Calculate the remainder when u(7) is divided by 8.
4
Let r be 2/(-4) - (-47)/(-2). Let t be ((-20)/80)/(2/r). Suppose -54 = -t*u - 0*u. Calculate the remainder when 51 is divided by u.
15
Suppose 9*c - 1323 = 791 + 64. Let h = 32 + 17. Calculate the remainder when c is divided by h.
46
Let b(w) = 34*w + 69. Calculate the remainder when b(37) is divided by 43.
37
Suppose 4*k + 540 = b, 153*b - 3*k = 158*b - 2585. What is the remainder when 547 is divided by b?
27
Calculate the remainder when ((-3054)/27)/(28/(-252)) is divided by 68.
66
Suppose -56 = -12*f + 5*f. Suppose 11 = s + v - f, s = -4*v + 28. What is the remainder when s is divided by 10?
6
Let u = 4342 + -4310. Let f be (17 + 3 + 1)*-1. Calculate the remainder when (-1918)/f - 4/(-6) is divided by u.
28
Let i(d) be the second derivative of -d**4/12 - 11*d**3/3 + 74*d. Let t(s) = 8*s**2 - s + 1. What is the remainder when i(-11) is divided by t(2)?
28
Let d = -17 - -36. Suppose 5 = 6*q - d. Suppose -5*s - q*j = -497, 2*j - 356 = -3*s - 57. What is the remainder when s is divided by 8?
5
Let i(v) = 12*v + 3*v**3 - 2*v**3 + 17*v**2 - 4 + 3 - 44*v. Calculate the remainder when i(-18) is divided by 11.
9
Suppose 4*j = -5*g + 11, -3*g = g + 4. Suppose -5*s - 2*y = -0*y - 68, 4*s - 3*y - 36 = 0. Calculate the remainder when 114/4*8/s is divided by j.
3
Let g = -1372 + 1526. What is the remainder when g is divided by 32?
26
Suppose 3*o - m - 1774 = 0, -200*o - 3*m + 1746 = -197*o. Calculate the remainder when o is divided by 190.
19
Let q(h) = 354*h + 7. Calculate the remainder when q(1) is divided by 53.
43
Suppose 20 = -4*c + 16, 3*c + 3 = -4*g. Suppose -4*b + 2*i = -498, 0*b = -3*b + 3*i + 369. Calculate the remainder when b is divided by (g - 8/(-2))/(2/13).
22
Let m = -6 - -4. Calculate the remainder when ((-38)/(-4))/(m/(-4)) is divided by (91/39)/(35/150).
9
What is the remainder when 0/2 + 66 + -1 is divided by -5 + ((-6)/39 - (-2592)/117)?
14
Let r be (-8)/(-10) - 32/(-10). Suppose j + r = 50. Let n = -81 + 218. What is the remainder when n is divided by j?
45
Suppose -6*w + 239 + 1 = 0. Suppose s - w = -0. What is the remainder when 115 is divided by s?
35
Let n(i) = 2*i**3 + 22*i**2 + 34*i + 5. What is the remainder when 1259 is divided by n(-9)?
17
Suppose 0 = 8*j - 187 + 163. Suppose 5*p = n - 86, -5*p = j*n - 123 - 135. Calculate the remainder when n is divided by 43.
0
Suppose 482676 + 420060 = 151*b - 184313. What is the remainder when b is divided by 136?
127
Let h(o) = 11*o - 26. Let n(d) = -d**2 - 7*d + 25. Let m be n(-12). What is the remainder when h(13) is divided by (m + -5)*3/(-4)?
27
Suppose -5*d - 272*o + 163 = -271*o, 0 = 2*d + 3*o - 73. What is the remainder when 7163 is divided by d?
27
Suppose 0 = -i - 4*z - 7, 3*z = -70*i + 66*i + 63. What is the remainder when 460 is divided by i?
19
Suppose -5*b = -0*b - 4*v - 12, -6 = -3*v. Suppose 2*d = -b*i + 316, -4*d + 454 = 4*i + 146. Calculate the remainder when i is divided by 14.
11
Suppose -3*k + 56 = 4*k. Suppose -4*v = -k*v. Suppose 4*u + 4 = 0, m - 2*u + 3*u - 7 = v. What is the remainder when m is divided by 7?
1
Let x = 950 - 1340. Let w = 405 + x. Calculate the remainder when 18 is divided by w.
3
Calculate the remainder when 24 is divided by 98/4 - 175/50.
3
Suppose -f - 5*a + 477 + 281 = 0, 5*a + 3107 = 4*f. Suppose -13*l + 228 + f = 0. What is the remainder when l is divided by 4?
1
Suppose 70*h = 64*h + 552. Suppose h*z - 84*z = 528. What is the remainder when z is divided by 56?
10
Suppose -33*a + 26*a = -28. Suppose -b = -b + a*b. Suppose b*k - 5*r + 57 = 3*k, -5*k + 73 = r. What is the remainder when 50 is divided by k?
8
Suppose 3174*r - 5*z = 3175*r - 58, -166 = -4*r + 2*z. Let n(s) = -151*s**3 + s**2 + s + 1. What is the remainder when n(-1) is divided by r?
23
Let x(r) = -116 + 5*r**2 + 18*r + 119 - 3*r**2. What is the remainder when x(-13) is divided by 37?
33
Suppose 4*x + 95*x = 15444. What is the remainder when 310 is divided by x?
154
Let u = 10181 - 10161. Calculate the remainder when 952 is divided by u.
12
Let i(c) = -3*c**2 - 159*c - 39. What is the remainder when i(-42) is divided by 669?
9
Let w(c) = 14*c**2 + 79*c + 90. What is the remainder when 5129 is divided by w(-5)?
44
Let l = -15186 + 15211. What is the remainder when 417 is divided by l?
17
Let d(k) = 5*k**2 - 64*k - 466. What is the remainder when d(-7) is divided by 23?
20
Let l(u) = 2*u**3 - 5*u**2 - 4*u - 1. What is the remainder when l(6) is divided by (-12)/174 - 14931/(-783)?
18
Suppose 4*v - 66 = 94. Let w be (1 + 1)/((-48)/(-72)). Suppose 4*o - w*o + 3 = 0, -2*o = q - v. What is the remainder when q is divided by 25?
21
Suppose 3*y - 210 = -r, -2*y - 2*r + 3*r = -145. Let i = -48 + y. What is the remainder when i is divided by 63/7 - 1*-4?
10
Suppose 5*v - 10507 = 2*k - 497, -2*v - 2*k = -3990. Suppose 10*o = 30*o - v. What is the remainder when 192 is divided by o?
92
Calculate the remainder when 260 is divided by 11 - ((13 - 81) + -8).
86
Let k(s) = -3*s**3 - 5*s**2 + 16*s + 17. Calculate the remainder when k(-4) is divided by 41.
24
Let l(p) = -p**3 - 48*p**2 + 44*p + 390. What is the remainder when l(-49) is divided by 4?
3
Suppose 13*c + 7*c = 34*c - 854. What is the remainder when 153 is divided by c?
31
Let r(j) = 10*j**3 - 84*j**2 + 14*j + 42. What is the remainder when r(13) is divided by 200?
198
Let z(r) = 3*r**2 - 53. Suppose -15*q + 3*x - 15 = -11*q, -4*x - 24 = 2*q. What is the remainder when 438 is divided by z(q)?
53
What is the remainder when 325 is divided by 4/((-11 - (-9891)/581) + -6)?
159
Let l(y) = -y**3 + 9*y**2 + 2*y + 5. Suppose -5*k = -40*v + 44*v - 117, 0 = 2*v - 3*k - 97. Calculate the remainder when l(5) is divided by v.
1
Let o(p) = 268*p + 2194. What is the remainder when 90 is divided by o(-8)?
40
Suppose -428 = -5*y + 72. Suppose -16 = -y*h + 98*h. Calculate the remainder when h is divided by (-2)/(2 + (-32)/12).
2
Suppose -i - 58 + 62 = 0. Suppose 0 = -t - 4*t + 4*d + 243, 2*d = -i. What is the remainder when t is divided by 14?
5
Suppose -5*m = 3*y - 70 + 559, -4*m - 388 = 4*y. What is the remainder when 155 is divided by (-2)/(-11) + (-3942)/m?
35
Suppose 27*s = 686 - 319 + 1118. What is the remainder when 3351 is divided by s?
51
Let b(a) be the second derivative of a**4/12 - 7*a**3/2 + 61*a**2/2 - 6*a + 11. Calculate the remainder when 75 is divided by b(19).
6
Let b = 1424 - 1371. What is the remainder when 152 is divided by b?
46
Suppose 89*b - 1927 = 84*b + 4*w, -2*b + 5*w = -781. Calculate the remainder when b is divided by 184.
15
Let k(r) = -557*r - 3586. What is the remainder when k(-8) is divided by 283?
21
Suppose 9*v - 618 = 2*v + 3*a, 0 = -5*v + 5*a + 450. Calculate the remainder when 164 is divided by v.
77
Let c = -51 + 12. Let t = -63 - c. Let s = t + 40. Calculate the remainder when 58 is divided by s.
10
Let u(y) = -36*y - 1115. Calculate the remainder when u(-33) is divided by 19.
16
Let i = -11294 + 11337. Calculate the remainder when i is divided by 31.
12
Let m(q) = q**3 + 6*q**2 - 181*q - 557. What is the remainder when (-32)/(0 + (-3 - -2)) is divided by m(-3)?
6
Let s(k) = 15*k - 11. What is the remainder when 44 is divided by s(1)?
0
Let w(v) = 6*v**3 + v - 1. Let l(j) = 2*j**2 - 629*j + 45280. What is the remainder when l(204) is divided by w(1)?
4
Let o(j) = -j**3 - 10*j**2 + 18*j + 73. Let m be o(-11). Suppose 2 = 2*d - 4. Calculate the remainder when 11 - 15*m/12 is divided by d.
1
Suppose -v + 3*t - 1 = 0, v - 7 = -3*v + t. Suppose -v*h = -2, -11*m - 39 = -14*m + 3*h. What is the remainder when 80 is div